 k and 32.
16
Suppose -3*y + 0*y + 12 = 0. Let m = y - 0. Suppose -3*k - m + 43 = 0. Calculate the highest common divisor of k and 13.
13
Suppose 2*o - 28 = -4*z + 2*z, 42 = 5*z - 2*o. Calculate the greatest common divisor of 20 and z.
10
Suppose -1052 = -4*z + 2*u, -5*z + 3*z - 5*u = -538. What is the greatest common factor of z and 24?
24
Suppose 6 = -2*h - 6*u + 2*u, -5*u - 10 = 0. Let s(p) = -p**3 + 9*p**2 + 10*p + 4. Let w be s(10). Calculate the highest common factor of w and h.
1
Let w be (-2)/(-2) + 42/(-6). Let o = w - -8. What is the greatest common divisor of 10 and o?
2
Let p(c) = c + 1. Let m be p(2). Let s(y) = y**3 + 5*y**2 - 5*y + 3. Let b be s(m). What is the greatest common divisor of 15 and b?
15
Let p(z) = z**2 + z - 15. Let s be p(8). Calculate the highest common divisor of 38 and s.
19
Suppose -m + 2*m - 27 = 0. Suppose -2*u - 54 = -3*f + 154, 3*f = 5*u + 205. Suppose 2 + f = 4*n. What is the greatest common divisor of n and m?
9
Suppose 0 = -0*w - 5*w + 270. Let u be -4*(810/8)/(-3). What is the greatest common factor of w and u?
27
Suppose 4 = -3*c + 16. Let x be 0 - 1 - c*5. Let u = x - -33. Calculate the highest common factor of u and 18.
6
Suppose -5*c + 38 = -o - 3*o, c + 2*o - 2 = 0. What is the greatest common divisor of c and 30?
6
Suppose -3*b + b = 0. Suppose 2*i + 3*i - 3*q - 85 = b, 39 = i - 5*q. What is the highest common divisor of i and 7?
7
Let d be 2404/30 - 4/30. Suppose -24 = -4*o + 8. What is the greatest common divisor of o and d?
8
Let a = 7 + 2. Suppose -a - 48 = -3*l. Calculate the greatest common factor of 152 and l.
19
Suppose 0 = 76*a - 82*a + 294. What is the highest common divisor of 7 and a?
7
Let x = 10 - 2. Let c be 2/(-1) + x + -4. Calculate the highest common divisor of c and 2.
2
Suppose 2*k - f = 2*f + 10, f + 10 = 4*k. Suppose -k*m = -5*m + 27. Suppose 0 = -5*l + 20 + 160. What is the highest common factor of m and l?
9
Let f(q) = -2*q - 2. Let c be f(-3). Let h be (-190)/(-8) + 1/c. Suppose -2*y = -5*x + 36, 0*x - 3*y + 3 = 2*x. What is the greatest common divisor of h and x?
6
Let w = -1 - -5. Suppose -2*v + w*v = 50. What is the greatest common factor of v and 10?
5
Let u = -4 - -28. Suppose -6*r + 21 = 3. What is the highest common divisor of r and u?
3
Suppose -a - 2*s - 1 - 1 = 0, -2*a = -5*s - 14. Let k be 2 - (-4 + 2)*a. Let w be 118/k - 1/(-3). What is the highest common factor of 20 and w?
20
Suppose -a + 204 = 52. Suppose -a - 8 = -2*s. Calculate the highest common divisor of s and 20.
20
Let r(l) = -2*l + 1. Let h be r(-1). Suppose 3*i + 3*x = 96, h*i - 116 = -x - 14. Suppose i = -2*k + 165. Calculate the greatest common factor of k and 13.
13
Let p be 18/6*(-160)/(-6). Calculate the greatest common divisor of p and 20.
20
Let t = 46 + -25. Suppose 5*a = -t + 1, i + 6 = -4*a. Calculate the greatest common divisor of 80 and i.
10
Suppose 5*n = -0*n + 360. Let j(w) = -5*w - 3. Let f be j(-3). Let k = 20 - f. Calculate the highest common divisor of k and n.
8
Let r be 5/15*(23 - 2). What is the highest common factor of 49 and r?
7
Suppose 0 = -x - 0*x - 14. Let a = 26 + x. What is the highest common factor of 3 and a?
3
Let n(m) = m - 8 - 2 + 14. Let f be 0 - -3*1*-1. Let y be n(f). Calculate the highest common divisor of 5 and y.
1
Suppose -b + 129 = 3*m + 2, 3*b - 2*m = 326. Calculate the highest common factor of b and 16.
16
Suppose 0 = 5*i - 3*b - 1100, -4*i + 1100 = i + 4*b. What is the highest common divisor of i and 20?
20
Suppose 3*d = 5*j + 29, 0 = 2*d - j + 4*j + 6. Let w be 5/d*2*3. What is the highest common divisor of w and 10?
10
Let x = -65 + 89. What is the highest common factor of x and 36?
12
Let j(l) = l**2 - 7*l + 7. Let a be j(5). Let z be 118/8 - a/12. What is the highest common divisor of 3 and z?
3
Let n(g) = g**3 - 9*g**2 - 6*g - 19. Let t be n(10). Calculate the greatest common factor of 7 and t.
7
Suppose 0 = -q - 5*u - 17, 4*q - 2*q = 2*u + 26. Let a = 345 - 169. Suppose -2*s = -0*s - a. Calculate the greatest common factor of s and q.
8
Let q = -6 + 15. Suppose 0 = -3*v + 13 + 14. What is the highest common divisor of v and q?
9
Let p be (-15 - -13)*(-34)/4. Let s = p + 13. Calculate the highest common divisor of 12 and s.
6
Let t(l) = 3*l**2 - l. Let o be t(-2). Let m be (0 - -27)/((-24)/(-112)). Calculate the greatest common factor of o and m.
14
Let j = -134 + 60. Let w = j - -124. What is the greatest common divisor of 20 and w?
10
Let b(m) = 22*m - 4 - m**3 + 4*m**2 - 22*m. Let y be b(4). Let o(a) = -a**3 + 4*a**2 - 2*a - 4. Let z be o(y). What is the highest common divisor of 12 and z?
12
Suppose -4*p = -p. Suppose -2*r + 0*r - y + 174 = p, 101 = r + 4*y. Suppose r = 8*a - 3*a. What is the greatest common divisor of 85 and a?
17
Suppose -4*p + 20 = 0, 4*l + 0*l - p = 1015. Calculate the greatest common divisor of l and 102.
51
Let a(d) = -2*d - 5. Let u be a(-4). Let f(l) = -l**2 + 3*l + 4. Let r be f(u). Calculate the highest common factor of 2 and r.
2
Let q(n) = n**3 + 9*n**2 - 2*n + 6. Let m be q(-9). What is the greatest common factor of 8 and m?
8
Let c(z) = -30*z - 10. Let m(f) = -f - 1. Let i(b) = c(b) - 20*m(b). Let x be i(-7). Calculate the greatest common factor of x and 10.
10
Let o be (2/6)/((-3)/(-9)). Let u be ((-45)/6)/(o/(-2)). Calculate the highest common factor of 105 and u.
15
Suppose -63 = -3*z - 5*l, z - 4 - 3 = 3*l. What is the highest common divisor of 128 and z?
16
Suppose -4*v + 2*a + 46 = 0, 3*a = 4*v - 14 - 31. Calculate the greatest common divisor of 8 and v.
4
Suppose -2*i + 80 = -144. Calculate the greatest common divisor of i and 16.
16
Suppose 5*v - 3*u = -400, 4*v + 394 = 5*u + 87. Let b = v + 146. Calculate the greatest common divisor of b and 42.
21
Suppose 5*g = -25, 0 = -5*x - 2*g - 16 + 41. Suppose x = 2*k - 11. What is the greatest common factor of k and 45?
9
Let k = 0 + 16. Let i be (30/(-8))/((-2)/k). Calculate the greatest common factor of 20 and i.
10
Suppose -4*i = -14 + 42. Let k(t) = t**3 + 7*t**2 + 1. Let b be k(i). Let q be (-15 + -3)/((-2)/b). What is the highest common factor of 18 and q?
9
Let s = 24 - -6. Let w = 50 - s. Calculate the highest common divisor of 50 and w.
10
Let q(u) = -10*u**3 + u**2 - 2*u - 2. Let l be q(-1). Calculate the greatest common divisor of 22 and l.
11
Let s(k) = -k + 12. Suppose 27 = -5*q + 2*q. Let z be s(q). What is the highest common divisor of 3 and z?
3
Let m be 30/(-4)*8/(-3). Let p(q) = 2*q - 26. Let z(b) = -b - 1. Let o(j) = -p(j) - 4*z(j). Let u be o(0). Calculate the highest common factor of m and u.
10
Let t = -38 - -53. Calculate the greatest common divisor of 75 and t.
15
Let m(k) = 5*k + 8. Let g(x) = -6*x - 7. Let b(l) = -3*g(l) - 2*m(l). Let z be b(5). What is the greatest common factor of z and 5?
5
Let m(h) = 3*h**2 - 3*h + 10. Let j be m(4). What is the greatest common divisor of 115 and j?
23
Let x be 2/(-4)*(-24)/3. Suppose 2*a = -4, -7*a + 2*a - 58 = -x*d. What is the highest common factor of 3 and d?
3
Suppose -1 = 3*r - 4*n, -2*n = 5*r - 4*n - 3. Let s = -47 - -66. Suppose -i = -s - r. What is the greatest common divisor of 220 and i?
20
Let m be (1 + 0)*(11 + -4). What is the highest common factor of m and 28?
7
Let r(u) = u**3 - 7*u**2 + 9*u - 7. Let o be r(6). Calculate the highest common factor of 88 and o.
11
Suppose 57 + 198 = 5*i. Let l(m) = -35*m - 4. Let u be l(-4). Suppose -5*h = -h - u. Calculate the greatest common factor of i and h.
17
Let m(n) = -n**2 + 26. Let g be m(0). What is the highest common divisor of 104 and g?
26
Suppose 2*l - 35 = -u + 5*l, -5 = u + 5*l. Calculate the highest common divisor of u and 120.
20
Let z be 104/39*(-1 + (-8)/(-2)). Calculate the greatest common factor of z and 1.
1
Let k be 1/(-2 + (-7)/(-3)). Suppose 4*c - 27 = k*c. Let t be (-1 - 0)*(-2 - 1). What is the highest common factor of t and c?
3
Let x(y) = 36*y**2 + y - 1. Let j be x(1). Calculate the highest common divisor of j and 9.
9
Let m be 4/10 + 516/10. Let a be (-75)/10*(-2)/3. Suppose -3*n + 5*n + a*f = 16, -2*n = 4*f - 18. Calculate the highest common factor of m and n.
13
Suppose -y - 5*j + 8 = 0, -j = -3*y + 4*j + 4. Let a(t) = -t + 27. Let r be a(0). Calculate the greatest common factor of y and r.
3
Suppose 0 = 3*q + 5 - 